{"id":8,"date":"2019-09-02T18:16:25","date_gmt":"2019-09-02T16:16:25","guid":{"rendered":"http:\/\/brain3.fr\/?page_id=8"},"modified":"2019-10-11T08:39:32","modified_gmt":"2019-10-11T06:39:32","slug":"accueil","status":"publish","type":"page","link":"https:\/\/brain3.fr\/","title":{"rendered":"Accueil"},"content":{"rendered":"\n<p class=\"has-medium-font-size\">Brain3 (Braincube) est une soci\u00e9t\u00e9 de conseil sp\u00e9cialis\u00e9e dans la Transformation Digitale, la Data Strat\u00e9gie et la digitalisation de la Fonction Finance.<\/p>\n","protected":false},"excerpt":{"rendered":"<p>Brain3 (Braincube) est une soci\u00e9t\u00e9 de conseil sp\u00e9cialis\u00e9e dans la Transformation Digitale, la Data Strat\u00e9gie et la digitalisation de la Fonction Finance.<\/p>\n","protected":false},"author":1,"featured_media":336,"parent":0,"menu_order":0,"comment_status":"closed","ping_status":"closed","template":"","meta":{"footnotes":""},"class_list":["post-8","page","type-page","status-publish","has-post-thumbnail","hentry"],"_links":{"self":[{"href":"https:\/\/brain3.fr\/index.php\/wp-json\/wp\/v2\/pages\/8","targetHints":{"allow":["GET"]}}],"collection":[{"href":"https:\/\/brain3.fr\/index.php\/wp-json\/wp\/v2\/pages"}],"about":[{"href":"https:\/\/brain3.fr\/index.php\/wp-json\/wp\/v2\/types\/page"}],"author":[{"embeddable":true,"href":"https:\/\/brain3.fr\/index.php\/wp-json\/wp\/v2\/users\/1"}],"replies":[{"embeddable":true,"href":"https:\/\/brain3.fr\/index.php\/wp-json\/wp\/v2\/comments?post=8"}],"version-history":[{"count":0,"href":"https:\/\/brain3.fr\/index.php\/wp-json\/wp\/v2\/pages\/8\/revisions"}],"wp:featuredmedia":[{"embeddable":true,"href":"https:\/\/brain3.fr\/index.php\/wp-json\/wp\/v2\/media\/336"}],"wp:attachment":[{"href":"https:\/\/brain3.fr\/index.php\/wp-json\/wp\/v2\/media?parent=8"}],"curies":[{"name":"wp","href":"https:\/\/api.w.org\/{rel}","templated":true}]}}